6145 is divided by 4216?
4209
What is the remainder when 177356 is divided by 177251?
105
Calculate the remainder when 1866924 is divided by 250.
174
Calculate the remainder when 5232196 is divided by 348813.
1
Calculate the remainder when 15468 is divided by 14529.
939
Calculate the remainder when 153187 is divided by 10832.
1539
Calculate the remainder when 1306042 is divided by 27.
25
What is the remainder when 4648 is divided by 78?
46
Calculate the remainder when 37806896 is divided by 12602294.
14
Calculate the remainder when 22105 is divided by 7366.
7
Calculate the remainder when 853201 is divided by 3662.
3617
Calculate the remainder when 36212 is divided by 1240.
252
Calculate the remainder when 5288213 is divided by 3207.
3077
What is the remainder when 95859 is divided by 94682?
1177
Calculate the remainder when 198238 is divided by 104.
14
Calculate the remainder when 1960247 is divided by 24503.
7
What is the remainder when 496870 is divided by 248434?
2
What is the remainder when 43981022 is divided by 462?
8
Calculate the remainder when 849024 is divided by 2979.
9
What is the remainder when 17057653 is divided by 2448?
2437
Calculate the remainder when 101094503 is divided by 42.
41
What is the remainder when 889277 is divided by 225?
77
Calculate the remainder when 1135194 is divided by 283793.
22
What is the remainder when 492089 is divided by 246002?
85
What is the remainder when 12983868 is divided by 1066?
1054
What is the remainder when 39637 is divided by 6583?
139
What is the remainder when 5194052 is divided by 344?
340
What is the remainder when 96921845 is divided by 3?
2
Calculate the remainder when 59412284 is divided by 1248.
1244
What is the remainder when 13523365 is divided by 3261?
3259
Calculate the remainder when 173399 is divided by 135.
59
Calculate the remainder when 16579381 is divided by 83.
48
Calculate the remainder when 286452 is divided by 232.
164
What is the remainder when 167647 is divided by 32?
31
What is the remainder when 2638846236 is divided by 160?
156
What is the remainder when 3053025 is divided by 1525932?
1161
Calculate the remainder when 31562 is divided by 3090.
662
Calculate the remainder when 2236253 is divided by 2236244.
9
Calculate the remainder when 115705 is divided by 38128.
1321
What is the remainder when 19548 is divided by 4182?
2820
Calculate the remainder when 2632785 is divided by 199.
15
Calculate the remainder when 65716 is divided by 5055.
1
Calculate the remainder when 6375998 is divided by 2238.
2174
Calculate the remainder when 46011118 is divided by 16.
14
What is the remainder when 9101955 is divided by 2569?
2557
Calculate the remainder when 231375 is divided by 33018.
249
What is the remainder when 209345848 is divided by 2294?
2290
What is the remainder when 77613 is divided by 68206?
9407
Calculate the remainder when 376526 is divided by 74907.
1991
Calculate the remainder when 188116 is divided by 76.
16
What is the remainder when 2715828 is divided by 4960?
2708
What is the remainder when 15607 is divided by 4772?
1291
What is the remainder when 37435 is divided by 1050?
685
Calculate the remainder when 997579 is divided by 66262.
3649
What is the remainder when 17632290 is divided by 3949?
5
What is the remainder when 82696706 is divided by 331?
328
Calculate the remainder when 16232293 is divided by 4058069.
17
Calculate the remainder when 395443 is divided by 1602.
1351
What is the remainder when 1685340 is divided by 8253?
1728
Calculate the remainder when 32264782 is divided by 299.
290
What is the remainder when 787493 is divided by 34237?
42
What is the remainder when 13098164 is divided by 33244?
28
Calculate the remainder when 49731463 is divided by 421.
417
What is the remainder when 54514003 is divided by 2218?
2217
What is the remainder when 7876046 is divided by 269?
264
What is the remainder when 241316 is divided by 419?
391
Calculate the remainder when 27830 is divided by 23.
0
What is the remainder when 5804576 is divided by 32068?
268
Calculate the remainder when 1708741 is divided by 569568.
37
What is the remainder when 135513 is divided by 1085?
973
Calculate the remainder when 449567 is divided by 852.
563
What is the remainder when 46980026 is divided by 73752?
2
Calculate the remainder when 4824981 is divided by 4824955.
26
Calculate the remainder when 4123213 is divided by 31.
27
What is the remainder when 79431 is divided by 559?
53
What is the remainder when 105475649 is divided by 714?
713
What is the remainder when 145625 is divided by 10327?
1047
Calculate the remainder when 16905849 is divided by 12.
9
What is the remainder when 210369 is divided by 13142?
97
What is the remainder when 2961978 is divided by 20425?
353
Calculate the remainder when 102129660 is divided by 51064829.
2
Calculate the remainder when 85116625 is divided by 13.
9
What is the remainder when 1394192 is divided by 199168?
16
What is the remainder when 15010 is divided by 3644?
434
What is the remainder when 51631 is divided by 16721?
1468
Calculate the remainder when 1894485 is divided by 561.
549
What is the remainder when 12568794 is divided by 8481?
8433
Calculate the remainder when 36278378 is divided by 1295655.
38
Calculate the remainder when 4812407 is divided by 2405867.
673
What is the remainder when 32229710 is divided by 119?
107
Calculate the remainder when 1301994 is divided by 2197.
1370
Calculate the remainder when 423393 is divided by 1616.
1
Calculate the remainder when 562561 is divided by 2357.
1595
Calculate the remainder when 845955 is divided by 105737.
59
What is the remainder when 338407 is divided by 67572?
547
Calculate the remainder when 169731 is divided by 56104.
1419
Calculate the remainder when 125526543 is divided by 2286.
2283
What is the remainder when 281548 is divided by 8798?
12
What is the remainder when 2371226 is divided by 844?
430
What is the remainder when 23235877 is divided by 7745270?
67
What is the remainder when 231058857 is divided by 355?
7
What is the remainder when 1137434 is divided by 19312?
17338
What is the remainder when 1111889 is divided by 370450?
539
What is the remainder when 299217215 is divided by 20?
15
What is the remainder when 2005698 is divided by 501372?
210
Calculate the remainder when 110203 is divided by 110202.
1
Calculate the remainder when 271762 is divided by 271141.
621
Calculate the remainder when 223342 is divided by 142.
118
Calculate the remainder when 477985 is divided by 8125.
6735
What is the remainder when 1977222 is divided by 42?
30
What is the remainder when 197094301 is divided by 37?
0
Calculate the remainder when 2045156 is divided by 204513.
26
What is the remainder when 266047 is divided by 66489?
91
What is the remainder when 355581 is divided by 2988?
9
Calculate the remainder when 5821150 is divided by 1940380.
10
Calculate the remainder when 12739 is divided by 1276.
1255
What is the remainder when 3481998 is divided by 116066?
18
Calculate the remainder when 7422028 is divided by 674.
614
What is the remainder when 29757495 is divided by 119?
117
Calculate the remainder when 24350 is divided by 11363.
1624
Calculate the remainder when 46258 is divided by 45674.
584
Calculate the remainder when 55508554 is divided by 286.
244
Calculate the remainder when 1566653 is divided by 926.
787
What is the remainder when 227356717 is divided by 8718?
8713
Calculate the remainder when 8227440 is divided by 40728.
384
Calculate the remainder when 332306 is divided by 23.
2
Calculate the remainder when 181463 is divided by 16460.
403
Calculate the remainder when 539464 is divided by 28380.
244
Calculate the remainder when 24205409 is divided by 65420.
9
Calculate the remainder when 44899051 is divided by 3996.
3991
Calculate the remainder when 132539 is divided by 33120.
59
What is the remainder when 308112 is divided by 3711?
99
What is the remainder when 124070 is divided by 41263?
281
What is the remainder when 5606539 is divided by 3224?
3
Calculate the remainder when 98982834 is divided by 935.
929
Calculate the remainder when 1231033410 is divided by 1247.
1245
What is the remainder when 1030383 is divided by 446?
123
What is the remainder when 900099 is div